**4/4 + c**3/6 + 12*c**2. Let n be o(8). Suppose 4*a = n + 31. What are the prime factors of a?
2, 3
What are the prime factors of (1 + (-603640)/(-60))/((-5)/(-6))?
2, 6037
Let t be 3*((-150)/18)/(-5). Suppose 0 = -5*h + 4*n + 1457 + 1015, 5*h = -t*n + 2445. List the prime factors of h.
2, 3, 41
Let l = 303 + -1557. Let j = -45 - l. List the prime factors of j.
3, 13, 31
Suppose -3*i = -a + 74 + 22, 0 = -a - 5*i + 88. Suppose -17*z + 14*z + a = 0. What are the prime factors of z?
31
Let o = 170816 + -114218. What are the prime factors of o?
2, 3, 9433
Suppose 3*d - 4*z = 2*d + 60, d - 3*z - 63 = 0. What are the prime factors of 12/d - 286/(-12)?
2, 3
Let d be 4/36*-3*18. List the prime factors of 24/(-72) - 92/d.
3, 5
Let b be 13/4 - (-1)/(-4). Suppose 4*a + 8 = 0, -5*r - 5*a = -b*a - 11. Let l(u) = -u**2 + 8*u. What are the prime factors of l(r)?
3, 5
Suppose 15*q - 45097 - 10659 = 9899. What are the prime factors of q?
3, 1459
Suppose d + 561 = 5*i + 3*d, -i + 4*d = -121. Let p be (-20)/8 + i/2. Let q = p - -29. What are the prime factors of q?
83
Let p(s) = -52*s - 6. Let o(d) = -11*d**2 - d - 1. Let v be o(-1). List the prime factors of p(v).
2, 283
Let q(g) = 2*g**3 - 35*g**2 - 17*g - 16. Let f be q(18). Suppose 0 = -5*b - 5*m - 66 + 3436, -1363 = -f*b + m. What are the prime factors of b?
7, 97
Let q(l) = -7*l**3 - 11*l**3 + 42 + 28*l**3 + 18*l**2 - 9*l**3 - 27*l. What are the prime factors of q(-18)?
2, 3, 11
Let m(i) = 738*i + 340. What are the prime factors of m(14)?
2, 23, 29
What are the prime factors of (1188/(-12))/9 + 13218*5?
13, 17, 23
Let d = 17701 - 5855. List the prime factors of d.
2, 5923
Suppose 2 = -2*q, -4*n - 4*q + 21822 = -26642. What are the prime factors of n?
3, 7, 577
Suppose -2293646 - 862489 = -80*w + 927545. What are the prime factors of w?
2, 25523
Let x(i) = 2*i**3 - 29*i**2 + 73*i - 268. List the prime factors of x(25).
2, 3, 2447
Let j(g) = -g**3 - 12*g**2 + 88*g + 38. Let i be j(-16). Let a = 751 + i. List the prime factors of a.
3, 5
Let y(u) = -u**3 + 4*u**2 + 11*u + 9. Let l be y(6). Suppose 2*d = 5*d + 3*t - 648, 1078 = 5*d + l*t. What are the prime factors of d?
5, 43
Suppose -174*q + 166*q + 82804 = 11164. What are the prime factors of q?
3, 5, 199
Let f = 892 + 46081. List the prime factors of f.
107, 439
Let b = 6 + 0. Suppose -b*h + 1 = -23. Suppose -110 = h*p - 6*p. What are the prime factors of p?
5, 11
What are the prime factors of 434770/(-15)*(83/(-7) - -11)?
2, 6211
Let s(a) = 4*a**2 - 9*a - 2. Let y be 8/(-6)*-2*15/4. Let p be (14/28)/((-1)/y*-1). What are the prime factors of s(p)?
53
Suppose 18*n = -3*n + 280099 + 757553. List the prime factors of n.
2, 11, 1123
Let q(j) = 79*j - 31. Let i(f) = 40*f - 16. Let s(g) = 5*i(g) - 3*q(g). What are the prime factors of s(-6)?
5, 47
Let y(l) = -1658*l**3 + 5*l**2 + l + 4. Let d(k) = -1658*k**3 + 5*k**2 - k + 4. Let g(b) = -4*d(b) + 5*y(b). What are the prime factors of g(-1)?
2, 829
Let g(y) = y**3 - 48*y**2 - 44*y - 32. Let p be g(50). Suppose -p = -5*d + 1897. What are the prime factors of d?
3, 311
Let n(y) = 7*y**2 - 13*y + 8. Let r be n(6). Let d = -59 + r. What are the prime factors of d?
3, 41
Suppose -402*y + 408*y - 7164 = 0. What are the prime factors of y?
2, 3, 199
List the prime factors of 3257 + 7 - (30/(-3) - -6).
2, 19, 43
Let v(j) = j**3 + 5*j**2 + 5*j + 8. Let n be v(-4). Suppose 0 = n*f - 172. Suppose 4*o = -5*b - 0*b + 174, o + b - f = 0. What are the prime factors of o?
41
Let l(q) = 19*q**3 + 12*q**2 + 11*q + 4. Let b(s) = 20*s**3 + 12*s**2 + 14*s + 4. Let d(r) = -5*b(r) + 6*l(r). List the prime factors of d(4).
2, 269
Let q be 204/10 + (-3 - (-91)/35). What are the prime factors of (732/(-10))/((-4)/q)?
2, 3, 61
Let n(z) = -336*z**3 + 5*z**2 - 31*z - 180. List the prime factors of n(-5).
2, 5, 421
Let j be 2/(-8) - (20412/16 - -14). Let u = 2978 + j. What are the prime factors of u?
2, 211
Suppose 1894 - 11404 = -5*r. List the prime factors of r.
2, 3, 317
Suppose -3*z + 5*w + 473 = 0, 0 = -4*z - 0*z + 5*w + 634. Suppose z = -2*r + u, -2*r + 46 - 213 = -3*u. Let x = r + 201. List the prime factors of x.
2, 61
Let n(q) = -q**2 + 170*q + 188. List the prime factors of n(70).
2, 3, 599
Suppose 18894 = 4*j + 3*l, -8014 + 3284 = -j - 4*l. List the prime factors of j.
2, 3, 787
Let t be (-3 - -7)/(-2 + 4) + 1170. Let w = -787 + t. Suppose 3*n + 185 = 2*q, 4*q - 10*n + 7*n - w = 0. List the prime factors of q.
2, 5
Suppose d = -5*c + 27808, -c + 5573 = 30*d - 26*d. List the prime factors of c.
67, 83
List the prime factors of (-19728)/(-7) - (-920)/1288.
2819
Let c be 45802/8 - (13 + (-660)/48). Suppose -2*s - 5*y + 2860 = -4*y, 0 = 4*s + 5*y - c. What are the prime factors of s?
1429
Let p(o) = o**3 - 6*o**2 - 11*o + 10. Suppose -170 = 4*m + 6. Let y = -36 - m. List the prime factors of p(y).
2, 5
Let p(r) = 3*r**3 + 4*r**2 + 9*r + 5. Let v(i) = -i**2 - i - 1. Let z(y) = p(y) + v(y). Let d be z(-3). Let g = d + 128. List the prime factors of g.
2, 3
Let l(o) = -2*o**2 + 21*o - 17. Let a be l(11). Let y(i) = -6*i - 43. What are the prime factors of y(a)?
5
Let r = 85415 - 59879. What are the prime factors of r?
2, 3, 7, 19
Let m = -11476 - -25753. What are the prime factors of m?
3, 4759
Let b = 4135 - 507. List the prime factors of b.
2, 907
Let d = -366 - -369. Suppose -6*j = d*q - 1395, -5*j - 5*q = -6*j + 205. What are the prime factors of j?
2, 5, 23
List the prime factors of -2 + 64893*25/105 + 4/14.
7, 2207
Let h = -62 - -103. Let p = 42 - h. List the prime factors of (-1 - 3) + 5 + p.
2
Let r(n) = -n**2 - 3. Let h be r(0). What are the prime factors of (-1 - h)/((2 - 3)/(-133))?
2, 7, 19
Let x(p) be the first derivative of -p**4/4 - 6*p**3 - 15*p**2/2 + 22*p - 48. List the prime factors of x(-18).
2, 73
Let c = -250 - -635. Let i = c - 179. What are the prime factors of i?
2, 103
Let n(m) = -m**3 - 48*m**2 - 96*m - 263. Let o be n(-46). Suppose -684 = 4*g - 8*g. Let q = g + o. What are the prime factors of q?
2, 23
Let t(n) = n - 7. Let w(k) = -6*k + 34. Let h(f) = 11*t(f) + 2*w(f). Let p be h(-16). Suppose 249 + 752 = p*v. What are the prime factors of v?
11, 13
Let f be 9/((-12)/256*-4). Suppose -v = 6*v + 28. Let q = f + v. What are the prime factors of q?
2, 11
Suppose 27*p + 48538 - 164584 = 0. What are the prime factors of p?
2, 7, 307
Suppose 0 = l - 35144 + 14427. What are the prime factors of l?
20717
Suppose -20 + 2 = 6*f. Let w(c) = -25*c + 6. What are the prime factors of w(f)?
3
Let g(c) = c**2 + 8*c - 6. Let x be g(-9). Let q(l) be the first derivative of l**4/2 - l**3 - 5*l**2/2 + 2*l + 23. List the prime factors of q(x).
2, 7
Suppose 0 = 5*n - 9*n - 5*s + 63121, 0 = -4*n - s + 63101. List the prime factors of n.
2, 3, 11, 239
Suppose 170 = -0*j + j. Suppose -5*l - 18*t + 16*t + 23 = 0, 4*t = 2*l + 10. Suppose l*h - 4*h + 79 = b, -2*h + 4*b = -j. List the prime factors of h.
3
Suppose 181763 + 76219 = 82*r + 46996. List the prime factors of r.
31, 83
Suppose 4*s - 66195 = -5*g, 4*g + 12633 = -4*s + 65593. List the prime factors of g.
5, 2647
Suppose -4*g = -2*k + 14, 4*g = 2*k + 2*g - 14. What are the prime factors of 16518/8 - k/(-28) - 5?
2, 5, 103
Let p be 3/(9/84*-2). Let g(b) = b**2 + 4*b - 31. Let u be g(p). Let i = u + -83. List the prime factors of i.
2, 13
Let r(o) = 91*o**3 - 80*o + 514. What are the prime factors of r(7)?
3, 3463
Suppose 9*v = 2*v - 6*v. List the prime factors of (-4)/(-2 - v) + (372 - -9).
383
Let x(d) = -4*d - 44. Let k be x(4). Let h = 815 + k. List the prime factors of h.
5, 151
Let q(u) = 4*u**2 + 6*u + 36. Let w(k) = k**2 + 2*k + 12. Let g(l) = 2*q(l) - 7*w(l). Let x be g(5). List the prime factors of (x + 34 - -2) + (4 - 2).
41
Let d = -9 + 14. Suppose d*x + 43 = -1027. Let j = -91 - x. List the prime factors of j.
3, 41
Suppose -7*k + 0 = -28. Suppose t + 1082 = 2*m - 1027, 4*t = -k*m + 4224. What are the prime factors of m?
5, 211
Let f(l) = 4*l - 7. Let m be f(3). Suppose 2*k - m*j = 731, -27 = -5*j - 2. What are the prime factors of k?
2, 3, 7
Let u = 395 + 330. Suppose 3*h - h + 3*t - u = 0, -3*h + 1110 = -3*t. List the prime factors of h.
367
Let d(j) = -24*j + 195. Let q be d(7). List the prime factors of (q/(-4))/(114/(-13528)).
3, 89
Suppose -5*n + 3629 = -2*